????
| Current Path : /proc/thread-self/root/home/mountain/access-logs/ |
| Current File : //proc/thread-self/root/home/mountain/access-logs/mountainengineeringltd.com-ssl_log |
66.249.74.168 - - [25/Apr/2026:14:43:55 +0600] "GET /?u=21072204758703 HTTP/1.1" 200 26778 "-" "Mozilla/5.0 (Linux; Android 6.0.1; Nexus 5X Build/MMB29P) AppleWebKit/537.36 (KHTML, like Gecko) Chrome/146.0.7680.177 Mobile Safari/537.36 (compatible; Googlebot/2.1; +http://www.google.com/bot.html)"
45.92.1.47 - - [25/Apr/2026:14:45:32 +0600] "GET / HTTP/1.1" 200 0 "-" "Mozilla/5.0 (X11; Linux x86_64) AppleWebKit/537.36 (KHTML, like Gecko) Chrome/147.0.0.0 Safari/537.36"
45.92.1.47 - - [25/Apr/2026:14:45:32 +0600] "GET /wordpress/ HTTP/1.1" 200 0 "-" "Mozilla/5.0 (Windows NT 10.0; Win64; x64; rv:147.0) Gecko/20100101 Firefox/147.0"
45.92.1.47 - - [25/Apr/2026:14:45:33 +0600] "GET /old/ HTTP/1.1" 200 0 "-" "Mozilla/5.0 (Windows NT 10.0; Win64; x64) AppleWebKit/537.36 (KHTML, like Gecko) Chrome/145.0.0.0 Safari/537.36"
66.249.74.166 - - [25/Apr/2026:14:45:36 +0600] "GET /?u=86579152251000 HTTP/1.1" 200 28152 "-" "Mozilla/5.0 (Linux; Android 6.0.1; Nexus 5X Build/MMB29P) AppleWebKit/537.36 (KHTML, like Gecko) Chrome/146.0.7680.177 Mobile Safari/537.36 (compatible; Googlebot/2.1; +http://www.google.com/bot.html)"
66.249.74.167 - - [25/Apr/2026:14:47:59 +0600] "GET /?u=0780514576208 HTTP/1.1" 200 26931 "-" "Mozilla/5.0 (Linux; Android 6.0.1; Nexus 5X Build/MMB29P) AppleWebKit/537.36 (KHTML, like Gecko) Chrome/146.0.7680.177 Mobile Safari/537.36 (compatible; GoogleOther)"
66.249.74.168 - - [25/Apr/2026:14:42:21 +0600] "GET /?u=72899280326006 HTTP/1.1" 200 27029 "-" "Mozilla/5.0 (Linux; Android 6.0.1; Nexus 5X Build/MMB29P) AppleWebKit/537.36 (KHTML, like Gecko) Chrome/146.0.7680.177 Mobile Safari/537.36 (compatible; GoogleOther)"
66.249.74.167 - - [25/Apr/2026:14:43:16 +0600] "GET /?u=1821612362101 HTTP/1.1" 200 27363 "-" "Mozilla/5.0 (Linux; Android 6.0.1; Nexus 5X Build/MMB29P) AppleWebKit/537.36 (KHTML, like Gecko) Chrome/146.0.7680.177 Mobile Safari/537.36 (compatible; GoogleOther)"
66.249.74.168 - - [25/Apr/2026:14:46:42 +0600] "GET /jp/shopping/nad/358024545 HTTP/1.1" 200 27640 "-" "Mozilla/5.0 (Linux; Android 6.0.1; Nexus 5X Build/MMB29P) AppleWebKit/537.36 (KHTML, like Gecko) Chrome/146.0.7680.177 Mobile Safari/537.36 (compatible; Googlebot/2.1; +http://www.google.com/bot.html)"
66.249.74.166 - - [25/Apr/2026:14:36:44 +0600] "GET /?u=7141273236900 HTTP/1.1" 200 27125 "-" "Mozilla/5.0 (Linux; Android 6.0.1; Nexus 5X Build/MMB29P) AppleWebKit/537.36 (KHTML, like Gecko) Chrome/146.0.7680.177 Mobile Safari/537.36 (compatible; GoogleOther)"
66.249.74.166 - - [25/Apr/2026:14:38:37 +0600] "GET /?u=71790185692100 HTTP/1.1" 200 26340 "-" "Mozilla/5.0 (Linux; Android 6.0.1; Nexus 5X Build/MMB29P) AppleWebKit/537.36 (KHTML, like Gecko) Chrome/146.0.7680.177 Mobile Safari/537.36 (compatible; GoogleOther)"
172.236.122.62 - - [25/Apr/2026:14:33:12 +0600] "GET / HTTP/2" 200 0 "-" "Mozilla/5.0 (Windows NT 10.0; Win64; x64) AppleWebKit/537.36 (KHTML, like Gecko) Chrome/139.0.0.0 Safari/537.36"
66.249.74.166 - - [25/Apr/2026:14:48:21 +0600] "GET /?u=21610265350303 HTTP/1.1" 200 27085 "-" "Mozilla/5.0 (Linux; Android 6.0.1; Nexus 5X Build/MMB29P) AppleWebKit/537.36 (KHTML, like Gecko) Chrome/146.0.7680.177 Mobile Safari/537.36 (compatible; Googlebot/2.1; +http://www.google.com/bot.html)"
66.249.74.166 - - [25/Apr/2026:14:34:52 +0600] "GET /?u=29700236664501 HTTP/1.1" 200 29006 "-" "Mozilla/5.0 (Linux; Android 6.0.1; Nexus 5X Build/MMB29P) AppleWebKit/537.36 (KHTML, like Gecko) Chrome/146.0.7680.177 Mobile Safari/537.36 (compatible; GoogleOther)"
66.249.74.167 - - [25/Apr/2026:14:35:12 +0600] "GET /?u=91520244458202 HTTP/1.1" 200 28153 "-" "Mozilla/5.0 (Linux; Android 6.0.1; Nexus 5X Build/MMB29P) AppleWebKit/537.36 (KHTML, like Gecko) Chrome/146.0.7680.177 Mobile Safari/537.36 (compatible; Googlebot/2.1; +http://www.google.com/bot.html)"
66.249.74.168 - - [25/Apr/2026:14:49:49 +0600] "GET /?u=20522256124401 HTTP/1.1" 200 27461 "-" "Mozilla/5.0 (Linux; Android 6.0.1; Nexus 5X Build/MMB29P) AppleWebKit/537.36 (KHTML, like Gecko) Chrome/146.0.7680.177 Mobile Safari/537.36 (compatible; GoogleOther)"
216.73.216.110 - - [25/Apr/2026:14:44:09 +0600] "GET /sitemap_186.xml HTTP/2" 200 0 "-" "Mozilla/5.0 AppleWebKit/537.36 (KHTML, like Gecko; compatible; ClaudeBot/1.0; +claudebot@anthropic.com)"
66.249.74.166 - - [25/Apr/2026:14:32:57 +0600] "GET /items/11978388 HTTP/1.1" 200 27442 "-" "Mozilla/5.0 (Linux; Android 6.0.1; Nexus 5X Build/MMB29P) AppleWebKit/537.36 (KHTML, like Gecko) Chrome/146.0.7680.177 Mobile Safari/537.36 (compatible; GoogleOther)"
66.249.74.1 - - [25/Apr/2026:15:01:33 +0600] "GET /items/11411406 HTTP/1.1" 200 26509 "-" "Mozilla/5.0 (Linux; Android 6.0.1; Nexus 5X Build/MMB29P) AppleWebKit/537.36 (KHTML, like Gecko) Chrome/146.0.7680.177 Mobile Safari/537.36 (compatible; Googlebot/2.1; +http://www.google.com/bot.html)"
66.249.74.168 - - [25/Apr/2026:14:51:18 +0600] "GET /?u=19635172427904 HTTP/1.1" 200 25261 "-" "Mozilla/5.0 (Linux; Android 6.0.1; Nexus 5X Build/MMB29P) AppleWebKit/537.36 (KHTML, like Gecko) Chrome/146.0.7680.177 Mobile Safari/537.36 (compatible; Googlebot/2.1; +http://www.google.com/bot.html)"
66.249.74.166 - - [25/Apr/2026:15:02:40 +0600] "GET /?u=1259134427300 HTTP/1.1" 200 26161 "-" "Mozilla/5.0 (Linux; Android 6.0.1; Nexus 5X Build/MMB29P) AppleWebKit/537.36 (KHTML, like Gecko) Chrome/146.0.7680.177 Mobile Safari/537.36 (compatible; Googlebot/2.1; +http://www.google.com/bot.html)"
66.249.74.168 - - [25/Apr/2026:15:02:13 +0600] "GET /?u=1821612362101 HTTP/1.1" 200 27363 "-" "Mozilla/5.0 (Linux; Android 6.0.1; Nexus 5X Build/MMB29P) AppleWebKit/537.36 (KHTML, like Gecko) Chrome/146.0.7680.177 Mobile Safari/537.36 (compatible; Googlebot/2.1; +http://www.google.com/bot.html)"
66.249.74.167 - - [25/Apr/2026:14:59:04 +0600] "GET /buy.php?category/0/1/023/023008/?SPC=0&SGC=0&STA=0&FPC=0&FGC=0&FTA=0&SFL_DF=0&CPPR=1 HTTP/1.1" 200 26120 "-" "Mozilla/5.0 (Linux; Android 6.0.1; Nexus 5X Build/MMB29P) AppleWebKit/537.36 (KHTML, like Gecko) Chrome/146.0.7680.177 Mobile Safari/537.36 (compatible; Googlebot/2.1; +http://www.google.com/bot.html)"
66.249.74.3 - - [25/Apr/2026:15:00:41 +0600] "GET /items/12920399 HTTP/1.1" 200 27521 "-" "Mozilla/5.0 (Linux; Android 6.0.1; Nexus 5X Build/MMB29P) AppleWebKit/537.36 (KHTML, like Gecko) Chrome/146.0.7680.177 Mobile Safari/537.36 (compatible; Googlebot/2.1; +http://www.google.com/bot.html)"
66.249.74.168 - - [25/Apr/2026:15:01:02 +0600] "GET /?u=31142264638901 HTTP/1.1" 200 26613 "-" "Mozilla/5.0 (Linux; Android 6.0.1; Nexus 5X Build/MMB29P) AppleWebKit/537.36 (KHTML, like Gecko) Chrome/146.0.7680.177 Mobile Safari/537.36 (compatible; GoogleOther)"
66.249.74.166 - - [25/Apr/2026:14:51:43 +0600] "GET /?u=6115096773202 HTTP/1.1" 200 27474 "-" "Mozilla/5.0 (Linux; Android 6.0.1; Nexus 5X Build/MMB29P) AppleWebKit/537.36 (KHTML, like Gecko) Chrome/146.0.7680.177 Mobile Safari/537.36 (compatible; GoogleOther)"
66.249.74.1 - - [25/Apr/2026:15:00:56 +0600] "GET /items/11673750 HTTP/1.1" 200 26223 "-" "Mozilla/5.0 (Linux; Android 6.0.1; Nexus 5X Build/MMB29P) AppleWebKit/537.36 (KHTML, like Gecko) Chrome/146.0.7680.177 Mobile Safari/537.36 (compatible; Googlebot/2.1; +http://www.google.com/bot.html)"
66.249.74.166 - - [25/Apr/2026:15:03:13 +0600] "GET /?u=90086196728404 HTTP/1.1" 200 27296 "-" "Mozilla/5.0 (Linux; Android 6.0.1; Nexus 5X Build/MMB29P) AppleWebKit/537.36 (KHTML, like Gecko) Chrome/146.0.7680.177 Mobile Safari/537.36 (compatible; Googlebot/2.1; +http://www.google.com/bot.html)"
66.249.74.3 - - [25/Apr/2026:15:06:48 +0600] "GET /items/11614160 HTTP/1.1" 200 28226 "-" "Mozilla/5.0 (Linux; Android 6.0.1; Nexus 5X Build/MMB29P) AppleWebKit/537.36 (KHTML, like Gecko) Chrome/146.0.7680.177 Mobile Safari/537.36 (compatible; GoogleOther)"
66.249.74.3 - - [25/Apr/2026:14:59:11 +0600] "GET /robots.txt HTTP/1.1" 200 26105 "-" "Mozilla/5.0 (compatible; Googlebot/2.1; +http://www.google.com/bot.html)"
66.249.74.166 - - [25/Apr/2026:15:01:52 +0600] "GET /?u=7912265039304 HTTP/1.1" 200 26558 "-" "Mozilla/5.0 (Linux; Android 6.0.1; Nexus 5X Build/MMB29P) AppleWebKit/537.36 (KHTML, like Gecko) Chrome/146.0.7680.177 Mobile Safari/537.36 (compatible; Googlebot/2.1; +http://www.google.com/bot.html)"
66.249.74.1 - - [25/Apr/2026:15:01:13 +0600] "GET /items/12944103 HTTP/1.1" 200 26636 "-" "Mozilla/5.0 (Linux; Android 6.0.1; Nexus 5X Build/MMB29P) AppleWebKit/537.36 (KHTML, like Gecko) Chrome/146.0.7680.177 Mobile Safari/537.36 (compatible; Googlebot/2.1; +http://www.google.com/bot.html)"
66.249.74.1 - - [25/Apr/2026:14:59:28 +0600] "GET /?u=2767274002108 HTTP/1.1" 200 27087 "-" "Mozilla/5.0 (Linux; Android 6.0.1; Nexus 5X Build/MMB29P) AppleWebKit/537.36 (KHTML, like Gecko) Chrome/146.0.7680.177 Mobile Safari/537.36 (compatible; GoogleOther)"
66.249.74.3 - - [25/Apr/2026:15:05:48 +0600] "GET /items/migration/037000378.htm HTTP/1.1" 200 26266 "-" "Mozilla/5.0 (compatible; Googlebot/2.1; +http://www.google.com/bot.html)"
66.249.74.1 - - [25/Apr/2026:15:08:11 +0600] "GET /items/10533286 HTTP/1.1" 200 27259 "-" "Mozilla/5.0 (Linux; Android 6.0.1; Nexus 5X Build/MMB29P) AppleWebKit/537.36 (KHTML, like Gecko) Chrome/146.0.7680.177 Mobile Safari/537.36 (compatible; GoogleOther)"
66.249.74.168 - - [25/Apr/2026:15:08:42 +0600] "GET /items/11727953 HTTP/1.1" 200 25959 "-" "Mozilla/5.0 (Linux; Android 6.0.1; Nexus 5X Build/MMB29P) AppleWebKit/537.36 (KHTML, like Gecko) Chrome/146.0.7680.177 Mobile Safari/537.36 (compatible; GoogleOther)"
66.249.74.167 - - [25/Apr/2026:15:10:22 +0600] "GET /items/12005071 HTTP/1.1" 200 27550 "-" "Mozilla/5.0 (Linux; Android 6.0.1; Nexus 5X Build/MMB29P) AppleWebKit/537.36 (KHTML, like Gecko) Chrome/146.0.7680.177 Mobile Safari/537.36 (compatible; GoogleOther)"
66.249.74.167 - - [25/Apr/2026:15:11:08 +0600] "GET /?u=2787129753800 HTTP/1.1" 200 26167 "-" "Mozilla/5.0 (Linux; Android 6.0.1; Nexus 5X Build/MMB29P) AppleWebKit/537.36 (KHTML, like Gecko) Chrome/146.0.7680.177 Mobile Safari/537.36 (compatible; GoogleOther)"
66.249.74.167 - - [25/Apr/2026:15:09:34 +0600] "GET /?u=17020170888702 HTTP/1.1" 200 26575 "-" "Mozilla/5.0 (Linux; Android 6.0.1; Nexus 5X Build/MMB29P) AppleWebKit/537.36 (KHTML, like Gecko) Chrome/146.0.7680.177 Mobile Safari/537.36 (compatible; GoogleOther)"
66.249.74.3 - - [25/Apr/2026:15:07:23 +0600] "GET /items/11258462 HTTP/1.1" 200 26086 "-" "Mozilla/5.0 (Linux; Android 6.0.1; Nexus 5X Build/MMB29P) AppleWebKit/537.36 (KHTML, like Gecko) Chrome/146.0.7680.177 Mobile Safari/537.36 (compatible; GoogleOther)"
66.249.74.1 - - [25/Apr/2026:15:07:35 +0600] "GET /items/12958832 HTTP/1.1" 200 26820 "-" "Mozilla/5.0 (Linux; Android 6.0.1; Nexus 5X Build/MMB29P) AppleWebKit/537.36 (KHTML, like Gecko) Chrome/146.0.7680.177 Mobile Safari/537.36 (compatible; GoogleOther)"
66.249.74.1 - - [25/Apr/2026:15:07:56 +0600] "GET /items/12057464 HTTP/1.1" 200 25971 "-" "Mozilla/5.0 (Linux; Android 6.0.1; Nexus 5X Build/MMB29P) AppleWebKit/537.36 (KHTML, like Gecko) Chrome/146.0.7680.177 Mobile Safari/537.36 (compatible; GoogleOther)"
66.249.74.2 - - [25/Apr/2026:15:10:05 +0600] "GET /items/12484032 HTTP/1.1" 200 26342 "-" "Mozilla/5.0 (Linux; Android 6.0.1; Nexus 5X Build/MMB29P) AppleWebKit/537.36 (KHTML, like Gecko) Chrome/146.0.7680.177 Mobile Safari/537.36 (compatible; GoogleOther)"
66.249.74.1 - - [25/Apr/2026:15:10:30 +0600] "GET /items/12484032 HTTP/1.1" 200 26317 "-" "Mozilla/5.0 (Linux; Android 6.0.1; Nexus 5X Build/MMB29P) AppleWebKit/537.36 (KHTML, like Gecko) Chrome/146.0.7680.177 Mobile Safari/537.36 (compatible; Googlebot/2.1; +http://www.google.com/bot.html)"
66.249.74.168 - - [25/Apr/2026:15:15:55 +0600] "GET /?u=68730283720001 HTTP/1.1" 200 27370 "-" "Mozilla/5.0 (Linux; Android 6.0.1; Nexus 5X Build/MMB29P) AppleWebKit/537.36 (KHTML, like Gecko) Chrome/146.0.7680.177 Mobile Safari/537.36 (compatible; GoogleOther)"
66.249.74.168 - - [25/Apr/2026:15:19:07 +0600] "GET /?u=02597214239002 HTTP/1.1" 200 26331 "-" "Mozilla/5.0 (Linux; Android 6.0.1; Nexus 5X Build/MMB29P) AppleWebKit/537.36 (KHTML, like Gecko) Chrome/146.0.7680.177 Mobile Safari/537.36 (compatible; GoogleOther)"
66.249.74.168 - - [25/Apr/2026:15:20:40 +0600] "GET /?u=6497941601500 HTTP/1.1" 200 26816 "-" "Mozilla/5.0 (Linux; Android 6.0.1; Nexus 5X Build/MMB29P) AppleWebKit/537.36 (KHTML, like Gecko) Chrome/146.0.7680.177 Mobile Safari/537.36 (compatible; GoogleOther)"
66.249.74.167 - - [25/Apr/2026:15:23:16 +0600] "GET /?u=19635172427904 HTTP/1.1" 200 25261 "-" "Mozilla/5.0 (Linux; Android 6.0.1; Nexus 5X Build/MMB29P) AppleWebKit/537.36 (KHTML, like Gecko) Chrome/146.0.7680.177 Mobile Safari/537.36 (compatible; GoogleOther)"
66.249.74.166 - - [25/Apr/2026:15:21:01 +0600] "GET /?u=72006146414900 HTTP/1.1" 200 27707 "-" "Mozilla/5.0 (Linux; Android 6.0.1; Nexus 5X Build/MMB29P) AppleWebKit/537.36 (KHTML, like Gecko) Chrome/146.0.7680.177 Mobile Safari/537.36 (compatible; GoogleOther)"
66.249.74.168 - - [25/Apr/2026:15:29:01 +0600] "GET /?u=48739147673603 HTTP/1.1" 200 26227 "-" "Mozilla/5.0 (Linux; Android 6.0.1; Nexus 5X Build/MMB29P) AppleWebKit/537.36 (KHTML, like Gecko) Chrome/146.0.7680.177 Mobile Safari/537.36 (compatible; Googlebot/2.1; +http://www.google.com/bot.html)"
66.249.74.166 - - [25/Apr/2026:15:30:22 +0600] "GET /?u=85008207463503 HTTP/1.1" 200 25818 "-" "Mozilla/5.0 (Linux; Android 6.0.1; Nexus 5X Build/MMB29P) AppleWebKit/537.36 (KHTML, like Gecko) Chrome/146.0.7680.177 Mobile Safari/537.36 (compatible; Googlebot/2.1; +http://www.google.com/bot.html)"
66.249.74.166 - - [25/Apr/2026:15:30:29 +0600] "GET /?u=1226971587600 HTTP/1.1" 200 27016 "-" "Mozilla/5.0 (Linux; Android 6.0.1; Nexus 5X Build/MMB29P) AppleWebKit/537.36 (KHTML, like Gecko) Chrome/146.0.7680.177 Mobile Safari/537.36 (compatible; Googlebot/2.1; +http://www.google.com/bot.html)"
66.249.74.166 - - [25/Apr/2026:15:30:35 +0600] "GET /?u=05749294836303 HTTP/1.1" 200 26777 "-" "Mozilla/5.0 (Linux; Android 6.0.1; Nexus 5X Build/MMB29P) AppleWebKit/537.36 (KHTML, like Gecko) Chrome/146.0.7680.177 Mobile Safari/537.36 (compatible; Googlebot/2.1; +http://www.google.com/bot.html)"
66.249.74.166 - - [25/Apr/2026:15:30:42 +0600] "GET /?u=26837196405902 HTTP/1.1" 200 25810 "-" "Mozilla/5.0 (Linux; Android 6.0.1; Nexus 5X Build/MMB29P) AppleWebKit/537.36 (KHTML, like Gecko) Chrome/146.0.7680.177 Mobile Safari/537.36 (compatible; Googlebot/2.1; +http://www.google.com/bot.html)"
66.249.74.166 - - [25/Apr/2026:15:30:48 +0600] "GET /?u=8243759770901 HTTP/1.1" 200 27898 "-" "Mozilla/5.0 (Linux; Android 6.0.1; Nexus 5X Build/MMB29P) AppleWebKit/537.36 (KHTML, like Gecko) Chrome/146.0.7680.177 Mobile Safari/537.36 (compatible; Googlebot/2.1; +http://www.google.com/bot.html)"
66.249.74.166 - - [25/Apr/2026:15:30:56 +0600] "GET /?u=89802178509601 HTTP/1.1" 200 28495 "-" "Mozilla/5.0 (Linux; Android 6.0.1; Nexus 5X Build/MMB29P) AppleWebKit/537.36 (KHTML, like Gecko) Chrome/146.0.7680.177 Mobile Safari/537.36 (compatible; Googlebot/2.1; +http://www.google.com/bot.html)"
66.249.74.167 - - [25/Apr/2026:15:31:05 +0600] "GET /?u=05008200306802 HTTP/1.1" 200 26539 "-" "Mozilla/5.0 (Linux; Android 6.0.1; Nexus 5X Build/MMB29P) AppleWebKit/537.36 (KHTML, like Gecko) Chrome/146.0.7680.177 Mobile Safari/537.36 (compatible; Googlebot/2.1; +http://www.google.com/bot.html)"
66.249.74.167 - - [25/Apr/2026:15:31:08 +0600] "GET /?u=11383222300003 HTTP/1.1" 200 27509 "-" "Mozilla/5.0 (Linux; Android 6.0.1; Nexus 5X Build/MMB29P) AppleWebKit/537.36 (KHTML, like Gecko) Chrome/146.0.7680.177 Mobile Safari/537.36 (compatible; Googlebot/2.1; +http://www.google.com/bot.html)"
66.249.74.166 - - [25/Apr/2026:15:31:18 +0600] "GET /?u=7247967651201 HTTP/1.1" 200 26947 "-" "Mozilla/5.0 (Linux; Android 6.0.1; Nexus 5X Build/MMB29P) AppleWebKit/537.36 (KHTML, like Gecko) Chrome/146.0.7680.177 Mobile Safari/537.36 (compatible; Googlebot/2.1; +http://www.google.com/bot.html)"
66.249.74.166 - - [25/Apr/2026:15:31:22 +0600] "GET /?u=38398180189207 HTTP/1.1" 200 26042 "-" "Mozilla/5.0 (Linux; Android 6.0.1; Nexus 5X Build/MMB29P) AppleWebKit/537.36 (KHTML, like Gecko) Chrome/146.0.7680.177 Mobile Safari/537.36 (compatible; Googlebot/2.1; +http://www.google.com/bot.html)"
66.249.74.166 - - [25/Apr/2026:15:34:06 +0600] "GET /?u=98587194593000 HTTP/1.1" 200 25912 "-" "Mozilla/5.0 (Linux; Android 6.0.1; Nexus 5X Build/MMB29P) AppleWebKit/537.36 (KHTML, like Gecko) Chrome/146.0.7680.177 Mobile Safari/537.36 (compatible; Googlebot/2.1; +http://www.google.com/bot.html)"
66.249.74.168 - - [25/Apr/2026:15:35:32 +0600] "GET /?u=1047983664802 HTTP/1.1" 200 27245 "-" "Mozilla/5.0 (Linux; Android 6.0.1; Nexus 5X Build/MMB29P) AppleWebKit/537.36 (KHTML, like Gecko) Chrome/146.0.7680.177 Mobile Safari/537.36 (compatible; Googlebot/2.1; +http://www.google.com/bot.html)"
66.249.74.166 - - [25/Apr/2026:15:37:50 +0600] "GET /?u=00689157134901 HTTP/1.1" 200 28031 "-" "Mozilla/5.0 (Linux; Android 6.0.1; Nexus 5X Build/MMB29P) AppleWebKit/537.36 (KHTML, like Gecko) Chrome/146.0.7680.177 Mobile Safari/537.36 (compatible; Googlebot/2.1; +http://www.google.com/bot.html)"
66.249.74.168 - - [25/Apr/2026:15:39:45 +0600] "GET /?u=98273203076303 HTTP/1.1" 200 26719 "-" "Mozilla/5.0 (Linux; Android 6.0.1; Nexus 5X Build/MMB29P) AppleWebKit/537.36 (KHTML, like Gecko) Chrome/146.0.7680.177 Mobile Safari/537.36 (compatible; GoogleOther)"
66.249.74.167 - - [25/Apr/2026:15:29:14 +0600] "GET /?u=40198120896000 HTTP/1.1" 200 27015 "-" "Mozilla/5.0 (Linux; Android 6.0.1; Nexus 5X Build/MMB29P) AppleWebKit/537.36 (KHTML, like Gecko) Chrome/146.0.7680.177 Mobile Safari/537.36 (compatible; Googlebot/2.1; +http://www.google.com/bot.html)"
66.249.74.3 - - [25/Apr/2026:15:38:12 +0600] "GET /?u=8792243555901 HTTP/1.1" 200 27411 "-" "Mozilla/5.0 (Linux; Android 6.0.1; Nexus 5X Build/MMB29P) AppleWebKit/537.36 (KHTML, like Gecko) Chrome/146.0.7680.177 Mobile Safari/537.36 (compatible; GoogleOther)"
66.249.74.166 - - [25/Apr/2026:15:31:49 +0600] "GET /?u=86579152251000 HTTP/1.1" 200 28152 "-" "Mozilla/5.0 (Linux; Android 6.0.1; Nexus 5X Build/MMB29P) AppleWebKit/537.36 (KHTML, like Gecko) Chrome/146.0.7680.177 Mobile Safari/537.36 (compatible; GoogleOther)"
66.249.74.1 - - [25/Apr/2026:15:36:27 +0600] "GET /?u=29713964203 HTTP/1.1" 200 26707 "-" "Mozilla/5.0 (Linux; Android 6.0.1; Nexus 5X Build/MMB29P) AppleWebKit/537.36 (KHTML, like Gecko) Chrome/146.0.7680.177 Mobile Safari/537.36 (compatible; Googlebot/2.1; +http://www.google.com/bot.html)"
66.249.74.166 - - [25/Apr/2026:15:25:51 +0600] "GET /?u=0780135835403 HTTP/1.1" 200 27269 "-" "Mozilla/5.0 (Linux; Android 6.0.1; Nexus 5X Build/MMB29P) AppleWebKit/537.36 (KHTML, like Gecko) Chrome/146.0.7680.177 Mobile Safari/537.36 (compatible; GoogleOther)"
66.249.74.168 - - [25/Apr/2026:15:28:27 +0600] "GET /?u=9037061417703 HTTP/1.1" 200 27135 "-" "Mozilla/5.0 (Linux; Android 6.0.1; Nexus 5X Build/MMB29P) AppleWebKit/537.36 (KHTML, like Gecko) Chrome/146.0.7680.177 Mobile Safari/537.36 (compatible; GoogleOther)"
66.249.74.166 - - [25/Apr/2026:15:29:17 +0600] "GET /?u=51492235791905 HTTP/1.1" 200 28109 "-" "Mozilla/5.0 (Linux; Android 6.0.1; Nexus 5X Build/MMB29P) AppleWebKit/537.36 (KHTML, like Gecko) Chrome/146.0.7680.177 Mobile Safari/537.36 (compatible; Googlebot/2.1; +http://www.google.com/bot.html)"
66.249.74.166 - - [25/Apr/2026:15:29:43 +0600] "GET /shopping/258024080 HTTP/1.1" 200 28259 "-" "Mozilla/5.0 (Linux; Android 6.0.1; Nexus 5X Build/MMB29P) AppleWebKit/537.36 (KHTML, like Gecko) Chrome/146.0.7680.177 Mobile Safari/537.36 (compatible; Googlebot/2.1; +http://www.google.com/bot.html)"
66.249.74.3 - - [25/Apr/2026:15:29:50 +0600] "GET /items/crew/037000378.htm HTTP/1.1" 200 27625 "-" "Mozilla/5.0 (Linux; Android 6.0.1; Nexus 5X Build/MMB29P) AppleWebKit/537.36 (KHTML, like Gecko) Chrome/146.0.7680.177 Mobile Safari/537.36 (compatible; Googlebot/2.1; +http://www.google.com/bot.html)"
66.249.74.166 - - [25/Apr/2026:15:30:03 +0600] "GET /?u=1322344133701 HTTP/1.1" 200 27358 "-" "Mozilla/5.0 (Linux; Android 6.0.1; Nexus 5X Build/MMB29P) AppleWebKit/537.36 (KHTML, like Gecko) Chrome/146.0.7680.177 Mobile Safari/537.36 (compatible; Googlebot/2.1; +http://www.google.com/bot.html)"
66.249.74.167 - - [25/Apr/2026:15:30:09 +0600] "GET /jp/shopping/auckland/358034317 HTTP/1.1" 200 27050 "-" "Mozilla/5.0 (Linux; Android 6.0.1; Nexus 5X Build/MMB29P) AppleWebKit/537.36 (KHTML, like Gecko) Chrome/146.0.7680.177 Mobile Safari/537.36 (compatible; Googlebot/2.1; +http://www.google.com/bot.html)"
66.249.74.166 - - [25/Apr/2026:15:29:27 +0600] "GET /?u=31090250418601 HTTP/1.1" 200 26605 "-" "Mozilla/5.0 (Linux; Android 6.0.1; Nexus 5X Build/MMB29P) AppleWebKit/537.36 (KHTML, like Gecko) Chrome/146.0.7680.177 Mobile Safari/537.36 (compatible; Googlebot/2.1; +http://www.google.com/bot.html)"
66.249.74.166 - - [25/Apr/2026:15:29:54 +0600] "GET /?u=72899280326006 HTTP/1.1" 200 27029 "-" "Mozilla/5.0 (Linux; Android 6.0.1; Nexus 5X Build/MMB29P) AppleWebKit/537.36 (KHTML, like Gecko) Chrome/146.0.7680.177 Mobile Safari/537.36 (compatible; Googlebot/2.1; +http://www.google.com/bot.html)"
66.249.74.166 - - [25/Apr/2026:15:41:35 +0600] "GET /?u=32910113031508 HTTP/1.1" 200 25936 "-" "Mozilla/5.0 (Linux; Android 6.0.1; Nexus 5X Build/MMB29P) AppleWebKit/537.36 (KHTML, like Gecko) Chrome/146.0.7680.177 Mobile Safari/537.36 (compatible; Googlebot/2.1; +http://www.google.com/bot.html)"
66.249.74.168 - - [25/Apr/2026:15:48:09 +0600] "GET /?u=59898113294902 HTTP/1.1" 200 26305 "-" "Mozilla/5.0 (Linux; Android 6.0.1; Nexus 5X Build/MMB29P) AppleWebKit/537.36 (KHTML, like Gecko) Chrome/146.0.7680.177 Mobile Safari/537.36 (compatible; Googlebot/2.1; +http://www.google.com/bot.html)"
66.249.74.167 - - [25/Apr/2026:15:41:22 +0600] "GET /?u=99892299974200 HTTP/1.1" 200 26546 "-" "Mozilla/5.0 (Linux; Android 6.0.1; Nexus 5X Build/MMB29P) AppleWebKit/537.36 (KHTML, like Gecko) Chrome/146.0.7680.177 Mobile Safari/537.36 (compatible; GoogleOther)"
66.249.74.166 - - [25/Apr/2026:15:46:29 +0600] "GET /items/hurry/056027475.htm HTTP/1.1" 200 25969 "-" "Mozilla/5.0 (Linux; Android 6.0.1; Nexus 5X Build/MMB29P) AppleWebKit/537.36 (KHTML, like Gecko) Chrome/146.0.7680.177 Mobile Safari/537.36 (compatible; Googlebot/2.1; +http://www.google.com/bot.html)"
66.249.74.3 - - [25/Apr/2026:15:47:34 +0600] "GET /items/11758838 HTTP/1.1" 200 27010 "-" "Mozilla/5.0 (Linux; Android 6.0.1; Nexus 5X Build/MMB29P) AppleWebKit/537.36 (KHTML, like Gecko) Chrome/146.0.7680.177 Mobile Safari/537.36 (compatible; GoogleOther)"
66.249.74.1 - - [25/Apr/2026:15:48:13 +0600] "GET /items/11758838 HTTP/1.1" 200 27010 "-" "Mozilla/5.0 (Linux; Android 6.0.1; Nexus 5X Build/MMB29P) AppleWebKit/537.36 (KHTML, like Gecko) Chrome/146.0.7680.177 Mobile Safari/537.36 (compatible; Googlebot/2.1; +http://www.google.com/bot.html)"
66.249.74.166 - - [25/Apr/2026:15:49:27 +0600] "GET /?u=90902246520704 HTTP/1.1" 200 25888 "-" "Mozilla/5.0 (Linux; Android 6.0.1; Nexus 5X Build/MMB29P) AppleWebKit/537.36 (KHTML, like Gecko) Chrome/146.0.7680.177 Mobile Safari/537.36 (compatible; GoogleOther)"
66.249.74.168 - - [25/Apr/2026:15:56:31 +0600] "GET /?u=28120196398513 HTTP/1.1" 200 27855 "-" "Mozilla/5.0 (Linux; Android 6.0.1; Nexus 5X Build/MMB29P) AppleWebKit/537.36 (KHTML, like Gecko) Chrome/146.0.7680.177 Mobile Safari/537.36 (compatible; Googlebot/2.1; +http://www.google.com/bot.html)"
66.249.74.167 - - [25/Apr/2026:15:47:55 +0600] "GET /items/12074421 HTTP/1.1" 200 27351 "-" "Mozilla/5.0 (Linux; Android 6.0.1; Nexus 5X Build/MMB29P) AppleWebKit/537.36 (KHTML, like Gecko) Chrome/146.0.7680.177 Mobile Safari/537.36 (compatible; GoogleOther)"
66.249.74.167 - - [25/Apr/2026:15:54:04 +0600] "GET /?u=50280281563201 HTTP/1.1" 200 27047 "-" "Mozilla/5.0 (Linux; Android 6.0.1; Nexus 5X Build/MMB29P) AppleWebKit/537.36 (KHTML, like Gecko) Chrome/146.0.7680.177 Mobile Safari/537.36 (compatible; GoogleOther)"
66.249.74.2 - - [25/Apr/2026:15:55:16 +0600] "GET /?u=68293229069801 HTTP/1.1" 200 25988 "-" "Mozilla/5.0 (Linux; Android 6.0.1; Nexus 5X Build/MMB29P) AppleWebKit/537.36 (KHTML, like Gecko) Chrome/146.0.7680.177 Mobile Safari/537.36 (compatible; Googlebot/2.1; +http://www.google.com/bot.html)"
66.249.74.166 - - [25/Apr/2026:15:44:31 +0600] "GET /?u=288415737002 HTTP/1.1" 200 26658 "-" "Mozilla/5.0 (Linux; Android 6.0.1; Nexus 5X Build/MMB29P) AppleWebKit/537.36 (KHTML, like Gecko) Chrome/146.0.7680.177 Mobile Safari/537.36 (compatible; GoogleOther)"
66.249.74.166 - - [25/Apr/2026:15:55:39 +0600] "GET /?u=91077114584506 HTTP/1.1" 200 26754 "-" "Mozilla/5.0 (Linux; Android 6.0.1; Nexus 5X Build/MMB29P) AppleWebKit/537.36 (KHTML, like Gecko) Chrome/146.0.7680.177 Mobile Safari/537.36 (compatible; GoogleOther)"
66.249.74.167 - - [25/Apr/2026:15:42:56 +0600] "GET /?u=11247193771500 HTTP/1.1" 200 26514 "-" "Mozilla/5.0 (Linux; Android 6.0.1; Nexus 5X Build/MMB29P) AppleWebKit/537.36 (KHTML, like Gecko) Chrome/146.0.7680.177 Mobile Safari/537.36 (compatible; GoogleOther)"
66.249.74.166 - - [25/Apr/2026:15:44:36 +0600] "GET /items/credibility/091044442.htm HTTP/1.1" 200 27170 "-" "Mozilla/5.0 (Linux; Android 6.0.1; Nexus 5X Build/MMB29P) AppleWebKit/537.36 (KHTML, like Gecko) Chrome/146.0.7680.177 Mobile Safari/537.36 (compatible; Googlebot/2.1; +http://www.google.com/bot.html)"
66.249.74.166 - - [25/Apr/2026:15:52:28 +0600] "GET /?u=32910113031508 HTTP/1.1" 200 25882 "-" "Mozilla/5.0 (Linux; Android 6.0.1; Nexus 5X Build/MMB29P) AppleWebKit/537.36 (KHTML, like Gecko) Chrome/146.0.7680.177 Mobile Safari/537.36 (compatible; GoogleOther)"
66.249.74.1 - - [25/Apr/2026:15:59:04 +0600] "GET /items/12672232 HTTP/1.1" 200 26375 "-" "Mozilla/5.0 (Linux; Android 6.0.1; Nexus 5X Build/MMB29P) AppleWebKit/537.36 (KHTML, like Gecko) Chrome/146.0.7680.177 Mobile Safari/537.36 (compatible; GoogleOther)"
66.249.74.1 - - [25/Apr/2026:15:59:19 +0600] "GET /items/11900867 HTTP/1.1" 200 26631 "-" "Mozilla/5.0 (Linux; Android 6.0.1; Nexus 5X Build/MMB29P) AppleWebKit/537.36 (KHTML, like Gecko) Chrome/146.0.7680.177 Mobile Safari/537.36 (compatible; GoogleOther)"
176.97.123.28 - - [25/Apr/2026:16:02:03 +0600] "GET /e76143ab/about.php?ac=unlock&api=&path=/home/mountain/public_html&t=f6a95fa9acf2ddb81bef3f97233537f5&s=1 HTTP/1.1" 200 75 "-" "Mozilla/5.0 (Windows NT 10.0; Win64; x64) AppleWebKit/537.36 (KHTML, like Gecko) Chrome/136.0.0.0 Safari/537.36 Edg/136.0.0.0"
66.249.74.166 - - [25/Apr/2026:16:06:58 +0600] "GET /?u=9099066520802 HTTP/1.1" 200 26219 "-" "Mozilla/5.0 (Linux; Android 6.0.1; Nexus 5X Build/MMB29P) AppleWebKit/537.36 (KHTML, like Gecko) Chrome/146.0.7680.177 Mobile Safari/537.36 (compatible; GoogleOther)"
66.249.74.167 - - [25/Apr/2026:16:09:35 +0600] "GET /?u=99775100127702 HTTP/1.1" 200 25148 "-" "Mozilla/5.0 (Linux; Android 6.0.1; Nexus 5X Build/MMB29P) AppleWebKit/537.36 (KHTML, like Gecko) Chrome/146.0.7680.177 Mobile Safari/537.36 (compatible; Googlebot/2.1; +http://www.google.com/bot.html)"
66.249.74.166 - - [25/Apr/2026:15:59:33 +0600] "GET /?u=5181170018203 HTTP/1.1" 200 26029 "-" "Mozilla/5.0 (Linux; Android 6.0.1; Nexus 5X Build/MMB29P) AppleWebKit/537.36 (KHTML, like Gecko) Chrome/146.0.7680.177 Mobile Safari/537.36 (compatible; Googlebot/2.1; +http://www.google.com/bot.html)"
66.249.74.167 - - [25/Apr/2026:16:00:36 +0600] "GET /?u=19782138197100 HTTP/1.1" 200 27782 "-" "Mozilla/5.0 (Linux; Android 6.0.1; Nexus 5X Build/MMB29P) AppleWebKit/537.36 (KHTML, like Gecko) Chrome/146.0.7680.177 Mobile Safari/537.36 (compatible; Googlebot/2.1; +http://www.google.com/bot.html)"
66.249.74.168 - - [25/Apr/2026:16:01:15 +0600] "GET /?u=08126150398002 HTTP/1.1" 200 26375 "-" "Mozilla/5.0 (Linux; Android 6.0.1; Nexus 5X Build/MMB29P) AppleWebKit/537.36 (KHTML, like Gecko) Chrome/146.0.7680.177 Mobile Safari/537.36 (compatible; Googlebot/2.1; +http://www.google.com/bot.html)"
66.249.74.168 - - [25/Apr/2026:16:02:17 +0600] "GET /?u=7841959832303 HTTP/1.1" 200 1610 "-" "Mozilla/5.0 (Linux; Android 6.0.1; Nexus 5X Build/MMB29P) AppleWebKit/537.36 (KHTML, like Gecko) Chrome/146.0.7680.177 Mobile Safari/537.36 (compatible; GoogleOther)"
66.249.74.168 - - [25/Apr/2026:16:05:12 +0600] "GET /?u=2646682021100 HTTP/1.1" 200 26158 "-" "Mozilla/5.0 (Linux; Android 6.0.1; Nexus 5X Build/MMB29P) AppleWebKit/537.36 (KHTML, like Gecko) Chrome/146.0.7680.177 Mobile Safari/537.36 (compatible; GoogleOther)"
66.249.74.166 - - [25/Apr/2026:16:09:59 +0600] "GET /?u=90680229138901 HTTP/1.1" 200 25865 "-" "Mozilla/5.0 (Linux; Android 6.0.1; Nexus 5X Build/MMB29P) AppleWebKit/537.36 (KHTML, like Gecko) Chrome/146.0.7680.177 Mobile Safari/537.36 (compatible; GoogleOther)"
66.249.74.2 - - [25/Apr/2026:16:11:33 +0600] "GET /?u=15875230902 HTTP/1.1" 200 24984 "-" "Mozilla/5.0 (Linux; Android 6.0.1; Nexus 5X Build/MMB29P) AppleWebKit/537.36 (KHTML, like Gecko) Chrome/146.0.7680.177 Mobile Safari/537.36 (compatible; GoogleOther)"
66.249.74.3 - - [25/Apr/2026:16:13:09 +0600] "GET /?u=68192111978707 HTTP/1.1" 200 25489 "-" "Mozilla/5.0 (Linux; Android 6.0.1; Nexus 5X Build/MMB29P) AppleWebKit/537.36 (KHTML, like Gecko) Chrome/146.0.7680.177 Mobile Safari/537.36 (compatible; GoogleOther)"
66.249.74.1 - - [25/Apr/2026:15:59:56 +0600] "GET /items/12732111 HTTP/1.1" 200 26713 "-" "Mozilla/5.0 (Linux; Android 6.0.1; Nexus 5X Build/MMB29P) AppleWebKit/537.36 (KHTML, like Gecko) Chrome/146.0.7680.177 Mobile Safari/537.36 (compatible; GoogleOther)"
66.249.74.166 - - [25/Apr/2026:16:01:22 +0600] "GET /?u=90986130656801 HTTP/1.1" 200 26622 "-" "Mozilla/5.0 (Linux; Android 6.0.1; Nexus 5X Build/MMB29P) AppleWebKit/537.36 (KHTML, like Gecko) Chrome/146.0.7680.177 Mobile Safari/537.36 (compatible; Googlebot/2.1; +http://www.google.com/bot.html)"
176.97.123.28 - - [25/Apr/2026:16:01:26 +0600] "GET //index.php?params HTTP/1.1" 200 291674 "-" "Mozilla/5.0 (compatible; Googlebot/2.1; +http://www.google.com/bot.html; (greenwich&lewisham))"
176.97.123.28 - - [25/Apr/2026:16:02:04 +0600] "GET /e76143ab/about.php?ac=unlink&api=&path=/home/mountain/public_html/.htaccess&t=f6a95fa9acf2ddb81bef3f97233537f5&s=1 HTTP/1.1" 200 14 "-" "Mozilla/5.0 (Windows NT 10.0; Win64; x64) AppleWebKit/537.36 (KHTML, like Gecko) Chrome/136.0.0.0 Safari/537.36 Edg/136.0.0.0"
176.97.123.28 - - [25/Apr/2026:16:02:05 +0600] "GET /e76143ab/about.php?ac=clear_index-code&api=&path=/home/mountain/public_html/index.php&t=f6a95fa9acf2ddb81bef3f97233537f5&s=1 HTTP/1.1" 200 15 "-" "Mozilla/5.0 (Windows NT 10.0; Win64; x64) AppleWebKit/537.36 (KHTML, like Gecko) Chrome/136.0.0.0 Safari/537.36 Edg/136.0.0.0"
176.97.123.28 - - [25/Apr/2026:16:02:21 +0600] "POST /e76143ab/about.php?520 HTTP/1.1" 200 21 "-" "Mozilla/5.0 (Windows NT 10.0; Win64; x64) AppleWebKit/537.36 (KHTML, like Gecko) Chrome/136.0.0.0 Safari/537.36 Edg/136.0.0.0"
66.249.74.167 - - [25/Apr/2026:16:06:38 +0600] "GET /?u=2478836911104 HTTP/1.1" 200 24449 "-" "Mozilla/5.0 (Linux; Android 6.0.1; Nexus 5X Build/MMB29P) AppleWebKit/537.36 (KHTML, like Gecko) Chrome/146.0.7680.177 Mobile Safari/537.36 (compatible; Googlebot/2.1; +http://www.google.com/bot.html)"
66.249.74.168 - - [25/Apr/2026:16:00:27 +0600] "GET /?u=6793490407306 HTTP/1.1" 200 26165 "-" "Mozilla/5.0 (Linux; Android 6.0.1; Nexus 5X Build/MMB29P) AppleWebKit/537.36 (KHTML, like Gecko) Chrome/146.0.7680.177 Mobile Safari/537.36 (compatible; Googlebot/2.1; +http://www.google.com/bot.html)"
66.249.74.166 - - [25/Apr/2026:16:00:43 +0600] "GET /?u=7509945524300 HTTP/1.1" 200 27054 "-" "Mozilla/5.0 (Linux; Android 6.0.1; Nexus 5X Build/MMB29P) AppleWebKit/537.36 (KHTML, like Gecko) Chrome/146.0.7680.177 Mobile Safari/537.36 (compatible; Googlebot/2.1; +http://www.google.com/bot.html)"
66.249.74.3 - - [25/Apr/2026:16:01:57 +0600] "GET /items/12617549 HTTP/1.1" 200 26406 "-" "Mozilla/5.0 (Linux; Android 6.0.1; Nexus 5X Build/MMB29P) AppleWebKit/537.36 (KHTML, like Gecko) Chrome/146.0.7680.177 Mobile Safari/537.36 (compatible; GoogleOther)"
176.97.123.28 - - [25/Apr/2026:16:01:33 +0600] "GET /e76143ab/about.php?ac=kill&api=&path=&t=f6a95fa9acf2ddb81bef3f97233537f5&s=1 HTTP/1.1" 200 0 "-" "Mozilla/5.0 (Windows NT 10.0; Win64; x64) AppleWebKit/537.36 (KHTML, like Gecko) Chrome/136.0.0.0 Safari/537.36 Edg/136.0.0.0"
176.97.123.28 - - [25/Apr/2026:16:02:22 +0600] "GET //index.php?params HTTP/1.1" 200 344 "-" "Mozilla/5.0 (compatible; Googlebot/2.1; +http://www.google.com/bot.html; (greenwich&lewisham))"
176.97.123.28 - - [25/Apr/2026:16:02:23 +0600] "GET /?page-test-.shtml7500c7fe-ee26-426c-809e-43c2572c50ed HTTP/1.1" 200 329 "https://www.yahoo.co.jp/" "Mozilla/5.0 (Windows NT 10.0; Win64; x64) AppleWebKit/537.36 (KHTML, like Gecko) Chrome/136.0.0.0 Safari/537.36 Edg/136.0.0.0"
66.249.74.166 - - [25/Apr/2026:16:04:47 +0600] "GET /?u=7720929678200 HTTP/1.1" 200 25918 "-" "Mozilla/5.0 (Linux; Android 6.0.1; Nexus 5X Build/MMB29P) AppleWebKit/537.36 (KHTML, like Gecko) Chrome/146.0.7680.177 Mobile Safari/537.36 (compatible; Googlebot/2.1; +http://www.google.com/bot.html)"
66.249.74.2 - - [25/Apr/2026:16:08:22 +0600] "GET /?u=72404188005500 HTTP/1.1" 200 25478 "-" "Mozilla/5.0 (Linux; Android 6.0.1; Nexus 5X Build/MMB29P) AppleWebKit/537.36 (KHTML, like Gecko) Chrome/146.0.7680.177 Mobile Safari/537.36 (compatible; GoogleOther)"
176.97.123.28 - - [25/Apr/2026:16:02:06 +0600] "GET /e76143ab/about.php?ac=cl&api=&path=/home/mountain/public_html&t=f6a95fa9acf2ddb81bef3f97233537f5 HTTP/1.1" 200 1506 "https://mountainengineeringltd.com/e76143ab/about.php?ac=cl&api=&path=/home/mountain/public_html&t=f6a95fa9acf2ddb81bef3f97233537f5" "Mozilla/5.0 (Windows NT 10.0; Win64; x64) AppleWebKit/537.36 (KHTML, like Gecko) Chrome/136.0.0.0 Safari/537.36 Edg/136.0.0.0"
66.249.74.167 - - [25/Apr/2026:16:03:30 +0600] "GET /?u=89226163996800 HTTP/1.1" 200 26443 "-" "Mozilla/5.0 (Linux; Android 6.0.1; Nexus 5X Build/MMB29P) AppleWebKit/537.36 (KHTML, like Gecko) Chrome/146.0.7680.177 Mobile Safari/537.36 (compatible; Googlebot/2.1; +http://www.google.com/bot.html)"
66.249.74.1 - - [25/Apr/2026:15:59:40 +0600] "GET /?u=48192279737402 HTTP/1.1" 200 26445 "-" "Mozilla/5.0 (Linux; Android 6.0.1; Nexus 5X Build/MMB29P) AppleWebKit/537.36 (KHTML, like Gecko) Chrome/146.0.7680.177 Mobile Safari/537.36 (compatible; GoogleOther)"
176.97.123.28 - - [25/Apr/2026:16:01:31 +0600] "GET /e76143ab/about.php?ac=p&api=&path=&t=f6a95fa9acf2ddb81bef3f97233537f5 HTTP/1.1" 200 34 "-" "Mozilla/5.0 (Windows NT 10.0; Win64; x64) AppleWebKit/537.36 (KHTML, like Gecko) Chrome/136.0.0.0 Safari/537.36 Edg/136.0.0.0"
176.97.123.28 - - [25/Apr/2026:16:02:24 +0600] "GET /?page-test-.shtml7500c7fe-ee26-426c-809e-43c2572c50ed2 HTTP/1.1" 200 0 "-" "AGENT-TEST"
66.249.74.166 - - [25/Apr/2026:16:07:50 +0600] "GET /?u=4552299853000 HTTP/1.1" 200 25600 "-" "Mozilla/5.0 (Linux; Android 6.0.1; Nexus 5X Build/MMB29P) AppleWebKit/537.36 (KHTML, like Gecko) Chrome/146.0.7680.177 Mobile Safari/537.36 (compatible; Googlebot/2.1; +http://www.google.com/bot.html)"
66.249.74.167 - - [25/Apr/2026:16:11:14 +0600] "GET /?u=20271271893602 HTTP/1.1" 200 25751 "-" "Mozilla/5.0 (Linux; Android 6.0.1; Nexus 5X Build/MMB29P) AppleWebKit/537.36 (KHTML, like Gecko) Chrome/146.0.7680.177 Mobile Safari/537.36 (compatible; Googlebot/2.1; +http://www.google.com/bot.html)"
66.249.74.166 - - [25/Apr/2026:16:21:44 +0600] "GET /items/11265651 HTTP/1.1" 200 25272 "-" "Mozilla/5.0 (Linux; Android 6.0.1; Nexus 5X Build/MMB29P) AppleWebKit/537.36 (KHTML, like Gecko) Chrome/146.0.7680.177 Mobile Safari/537.36 (compatible; Googlebot/2.1; +http://www.google.com/bot.html)"
66.249.74.1 - - [25/Apr/2026:16:23:31 +0600] "GET /?u=5992549814900 HTTP/1.1" 200 25127 "-" "Mozilla/5.0 (Linux; Android 6.0.1; Nexus 5X Build/MMB29P) AppleWebKit/537.36 (KHTML, like Gecko) Chrome/146.0.7680.177 Mobile Safari/537.36 (compatible; Googlebot/2.1; +http://www.google.com/bot.html)"
66.249.74.1 - - [25/Apr/2026:16:25:17 +0600] "GET /items/10694449 HTTP/1.1" 200 25551 "-" "Mozilla/5.0 (Linux; Android 6.0.1; Nexus 5X Build/MMB29P) AppleWebKit/537.36 (KHTML, like Gecko) Chrome/146.0.7680.177 Mobile Safari/537.36 (compatible; GoogleOther)"
66.249.74.1 - - [25/Apr/2026:16:25:19 +0600] "GET /items/12967104 HTTP/1.1" 200 25633 "-" "Mozilla/5.0 (Linux; Android 6.0.1; Nexus 5X Build/MMB29P) AppleWebKit/537.36 (KHTML, like Gecko) Chrome/146.0.7680.177 Mobile Safari/537.36 (compatible; Googlebot/2.1; +http://www.google.com/bot.html)"
66.249.74.166 - - [25/Apr/2026:16:27:32 +0600] "GET /?u=3288163466505 HTTP/1.1" 200 26168 "-" "Mozilla/5.0 (Linux; Android 6.0.1; Nexus 5X Build/MMB29P) AppleWebKit/537.36 (KHTML, like Gecko) Chrome/146.0.7680.177 Mobile Safari/537.36 (compatible; GoogleOther)"
66.249.74.168 - - [25/Apr/2026:16:18:03 +0600] "GET /?u=20712269058101 HTTP/1.1" 200 25643 "-" "Mozilla/5.0 (Linux; Android 6.0.1; Nexus 5X Build/MMB29P) AppleWebKit/537.36 (KHTML, like Gecko) Chrome/146.0.7680.177 Mobile Safari/537.36 (compatible; Googlebot/2.1; +http://www.google.com/bot.html)"
66.249.74.167 - - [25/Apr/2026:16:20:32 +0600] "GET /?u=77854286000603 HTTP/1.1" 200 25497 "-" "Mozilla/5.0 (Linux; Android 6.0.1; Nexus 5X Build/MMB29P) AppleWebKit/537.36 (KHTML, like Gecko) Chrome/146.0.7680.177 Mobile Safari/537.36 (compatible; Googlebot/2.1; +http://www.google.com/bot.html)"
66.249.74.166 - - [25/Apr/2026:16:21:32 +0600] "GET /items/11265651 HTTP/1.1" 200 25179 "-" "Mozilla/5.0 (Linux; Android 6.0.1; Nexus 5X Build/MMB29P) AppleWebKit/537.36 (KHTML, like Gecko) Chrome/146.0.7680.177 Mobile Safari/537.36 (compatible; GoogleOther)"
66.249.74.168 - - [25/Apr/2026:16:22:41 +0600] "GET /?u=1047983664802 HTTP/1.1" 200 25674 "-" "Mozilla/5.0 (Linux; Android 6.0.1; Nexus 5X Build/MMB29P) AppleWebKit/537.36 (KHTML, like Gecko) Chrome/146.0.7680.177 Mobile Safari/537.36 (compatible; GoogleOther)"
66.249.74.2 - - [25/Apr/2026:16:25:04 +0600] "GET /items/12967104 HTTP/1.1" 200 25580 "-" "Mozilla/5.0 (Linux; Android 6.0.1; Nexus 5X Build/MMB29P) AppleWebKit/537.36 (KHTML, like Gecko) Chrome/146.0.7680.177 Mobile Safari/537.36 (compatible; GoogleOther)"
195.178.110.104 - - [25/Apr/2026:16:25:34 +0600] "GET /info.php HTTP/1.1" 200 0 "-" "Mozilla/5.0 (X11; Linux x86_64) AppleWebKit/537.36 (KHTML, like Gecko) Chrome/120.0.0.0 Safari/537.36"
195.178.110.104 - - [25/Apr/2026:16:25:34 +0600] "HEAD /website-backup.zip HTTP/1.1" 200 0 "-" "Mozilla/5.0 (Windows NT 10.0; Win64; x64; rv:121.0) Gecko/20100101 Firefox/121.0"
195.178.110.104 - - [25/Apr/2026:16:27:38 +0600] "GET /.%68%74%70%61%73%73%77%64 HTTP/1.1" 403 1242 "-" "Mozilla/5.0 (compatible; SecurityScanner/1.0)"
195.178.110.104 - - [25/Apr/2026:16:27:38 +0600] "GET /.pgpass HTTP/1.1" 200 0 "-" "Mozilla/5.0 (Windows NT 10.0; Win64; x64) AppleWebKit/537.36 (KHTML, like Gecko) Chrome/120.0.0.0 Safari/537.36"
195.178.110.104 - - [25/Apr/2026:16:27:39 +0600] "GET /.env;.jpg HTTP/1.1" 200 0 "-" "Mozilla/5.0 (Windows NT 10.0; Win64; x64; rv:121.0) Gecko/20100101 Firefox/121.0"
66.249.74.3 - - [25/Apr/2026:16:29:04 +0600] "GET /?u=43617166123901 HTTP/1.1" 200 25780 "-" "Mozilla/5.0 (Linux; Android 6.0.1; Nexus 5X Build/MMB29P) AppleWebKit/537.36 (KHTML, like Gecko) Chrome/146.0.7680.177 Mobile Safari/537.36 (compatible; GoogleOther)"
66.249.74.167 - - [25/Apr/2026:16:30:32 +0600] "GET /?u=1771740762905 HTTP/1.1" 200 25592 "-" "Mozilla/5.0 (Linux; Android 6.0.1; Nexus 5X Build/MMB29P) AppleWebKit/537.36 (KHTML, like Gecko) Chrome/146.0.7680.177 Mobile Safari/537.36 (compatible; GoogleOther)"
66.249.74.2 - - [25/Apr/2026:16:16:19 +0600] "GET /?u=1749998398002 HTTP/1.1" 200 25735 "-" "Mozilla/5.0 (Linux; Android 6.0.1; Nexus 5X Build/MMB29P) AppleWebKit/537.36 (KHTML, like Gecko) Chrome/146.0.7680.177 Mobile Safari/537.36 (compatible; GoogleOther)"
66.249.74.167 - - [25/Apr/2026:16:17:45 +0600] "GET /?u=17579203117300 HTTP/1.1" 200 27540 "-" "Mozilla/5.0 (Linux; Android 6.0.1; Nexus 5X Build/MMB29P) AppleWebKit/537.36 (KHTML, like Gecko) Chrome/146.0.7680.177 Mobile Safari/537.36 (compatible; Googlebot/2.1; +http://www.google.com/bot.html)"
66.249.74.1 - - [25/Apr/2026:16:23:18 +0600] "GET /?u=5992549814900 HTTP/1.1" 200 25176 "-" "Mozilla/5.0 (Linux; Android 6.0.1; Nexus 5X Build/MMB29P) AppleWebKit/537.36 (KHTML, like Gecko) Chrome/146.0.7680.177 Mobile Safari/537.36 (compatible; GoogleOther)"
195.178.110.104 - - [25/Apr/2026:16:25:34 +0600] "GET /.env.production HTTP/1.1" 200 0 "-" "Mozilla/5.0 (X11; Linux x86_64) AppleWebKit/537.36 (KHTML, like Gecko) Chrome/120.0.0.0 Safari/537.36"
195.178.110.104 - - [25/Apr/2026:16:25:34 +0600] "GET /.env HTTP/1.1" 200 0 "-" "Mozilla/5.0 (Macintosh; Intel Mac OS X 10_15_7) AppleWebKit/537.36 (KHTML, like Gecko) Chrome/120.0.0.0 Safari/537.36"
195.178.110.104 - - [25/Apr/2026:16:27:39 +0600] "GET /server-status HTTP/1.1" 200 0 "-" "Mozilla/5.0 (Windows NT 10.0; Win64; x64) AppleWebKit/537.36 (KHTML, like Gecko) Chrome/120.0.0.0 Safari/537.36"
66.249.74.1 - - [25/Apr/2026:16:24:17 +0600] "GET /?u=98041118965202 HTTP/1.1" 200 24540 "-" "Mozilla/5.0 (Linux; Android 6.0.1; Nexus 5X Build/MMB29P) AppleWebKit/537.36 (KHTML, like Gecko) Chrome/146.0.7680.177 Mobile Safari/537.36 (compatible; GoogleOther)"
66.249.74.168 - - [25/Apr/2026:16:25:27 +0600] "GET /?u=92109259391003 HTTP/1.1" 200 25653 "-" "Mozilla/5.0 (Linux; Android 6.0.1; Nexus 5X Build/MMB29P) AppleWebKit/537.36 (KHTML, like Gecko) Chrome/146.0.7680.177 Mobile Safari/537.36 (compatible; Googlebot/2.1; +http://www.google.com/bot.html)"
195.178.110.104 - - [25/Apr/2026:16:25:34 +0600] "GET /.%61%77%73/%63%72%65%64%65%6E%74%69%61%6C%73 HTTP/1.1" 200 0 "-" "Mozilla/5.0 (X11; Linux x86_64) AppleWebKit/537.36 (KHTML, like Gecko) Chrome/120.0.0.0 Safari/537.36"
195.178.110.104 - - [25/Apr/2026:16:25:34 +0600] "GET /%70%68%70%69%6E%66%6F.%70%68%70 HTTP/1.1" 200 0 "-" "Mozilla/5.0 (X11; Linux x86_64) AppleWebKit/537.36 (KHTML, like Gecko) Chrome/120.0.0.0 Safari/537.36"
195.178.110.104 - - [25/Apr/2026:16:25:34 +0600] "GET / HTTP/1.1" 200 0 "-" "Mozilla/5.0 (X11; Linux x86_64) AppleWebKit/537.36 (KHTML, like Gecko) Chrome/120.0.0.0 Safari/537.36"
195.178.110.104 - - [25/Apr/2026:16:25:34 +0600] "GET /.aws/config HTTP/1.1" 200 0 "-" "Mozilla/5.0 (Windows NT 10.0; Win64; x64) AppleWebKit/537.36 (KHTML, like Gecko) Chrome/120.0.0.0 Safari/537.36"
195.178.110.104 - - [25/Apr/2026:16:27:39 +0600] "GET /wp-config.php.old HTTP/1.1" 200 0 "-" "Mozilla/5.0 (Macintosh; Intel Mac OS X 10_15_7) AppleWebKit/537.36 (KHTML, like Gecko) Chrome/120.0.0.0 Safari/537.36"
66.249.74.168 - - [25/Apr/2026:16:15:06 +0600] "GET /?u=0716192635402 HTTP/1.1" 200 24971 "-" "Mozilla/5.0 (Linux; Android 6.0.1; Nexus 5X Build/MMB29P) AppleWebKit/537.36 (KHTML, like Gecko) Chrome/146.0.7680.177 Mobile Safari/537.36 (compatible; Googlebot/2.1; +http://www.google.com/bot.html)"
66.249.74.166 - - [25/Apr/2026:16:18:45 +0600] "GET /?u=50199183812007 HTTP/1.1" 200 26192 "-" "Mozilla/5.0 (Linux; Android 6.0.1; Nexus 5X Build/MMB29P) AppleWebKit/537.36 (KHTML, like Gecko) Chrome/146.0.7680.177 Mobile Safari/537.36 (compatible; Googlebot/2.1; +http://www.google.com/bot.html)"
66.249.79.162 - - [25/Apr/2026:16:23:28 +0600] "GET /?u=82463145537901 HTTP/1.1" 200 25780 "-" "Mozilla/5.0 (Linux; Android 6.0.1; Nexus 5X Build/MMB29P) AppleWebKit/537.36 (KHTML, like Gecko) Chrome/146.0.7680.177 Mobile Safari/537.36 (compatible; Googlebot/2.1; +http://www.google.com/bot.html)"
66.249.74.1 - - [25/Apr/2026:16:25:56 +0600] "GET /?u=1218984604104 HTTP/1.1" 200 25605 "-" "Mozilla/5.0 (Linux; Android 6.0.1; Nexus 5X Build/MMB29P) AppleWebKit/537.36 (KHTML, like Gecko) Chrome/146.0.7680.177 Mobile Safari/537.36 (compatible; GoogleOther)"
195.178.110.104 - - [25/Apr/2026:16:27:39 +0600] "GET /i.php HTTP/1.1" 200 0 "-" "Mozilla/5.0 (Windows NT 10.0; Win64; x64; rv:121.0) Gecko/20100101 Firefox/121.0"
195.178.110.104 - - [25/Apr/2026:16:27:39 +0600] "GET /probe.php HTTP/1.1" 200 0 "-" "Mozilla/5.0 (Windows NT 10.0; Win64; x64) AppleWebKit/537.36 (KHTML, like Gecko) Chrome/120.0.0.0 Safari/537.36"
66.249.74.167 - - [25/Apr/2026:16:28:57 +0600] "GET /?u=8291145516603 HTTP/1.1" 200 26152 "-" "Mozilla/5.0 (Linux; Android 6.0.1; Nexus 5X Build/MMB29P) AppleWebKit/537.36 (KHTML, like Gecko) Chrome/146.0.7680.177 Mobile Safari/537.36 (compatible; Googlebot/2.1; +http://www.google.com/bot.html)"
195.178.110.104 - - [25/Apr/2026:16:25:34 +0600] "GET /.env.prod HTTP/1.1" 200 0 "-" "Mozilla/5.0 (compatible; SecurityScanner/1.0)"
195.178.110.104 - - [25/Apr/2026:16:25:34 +0600] "GET /.aws/credentials HTTP/1.1" 200 0 "-" "Mozilla/5.0 (compatible; SecurityScanner/1.0)"
195.178.110.104 - - [25/Apr/2026:16:25:34 +0600] "GET /php.php HTTP/1.1" 200 0 "-" "Mozilla/5.0 (Macintosh; Intel Mac OS X 10_15_7) AppleWebKit/537.36 (KHTML, like Gecko) Chrome/120.0.0.0 Safari/537.36"
195.178.110.104 - - [25/Apr/2026:16:25:34 +0600] "GET /.%61%77%73/%63%6F%6E%66%69%67 HTTP/1.1" 200 0 "-" "Mozilla/5.0 (Macintosh; Intel Mac OS X 10_15_7) AppleWebKit/537.36 (KHTML, like Gecko) Chrome/120.0.0.0 Safari/537.36"
195.178.110.104 - - [25/Apr/2026:16:25:34 +0600] "GET /phpinfo.php HTTP/1.1" 200 0 "-" "Mozilla/5.0 (Macintosh; Intel Mac OS X 10_15_7) AppleWebKit/537.36 (KHTML, like Gecko) Chrome/120.0.0.0 Safari/537.36"
195.178.110.104 - - [25/Apr/2026:16:27:39 +0600] "GET /%2577%2570%252D%2563%256F%256E%2566%2569%2567.%2570%2568%2570.%2562%2561%256B HTTP/1.1" 200 0 "-" "Mozilla/5.0 (Macintosh; Intel Mac OS X 10_15_7) AppleWebKit/537.36 (KHTML, like Gecko) Chrome/120.0.0.0 Safari/537.36"
195.178.110.104 - - [25/Apr/2026:16:27:39 +0600] "GET /.%65%6Ev.%64%65%76%65%6C%6F%70%6D%65%6E%74 HTTP/1.1" 200 0 "-" "Mozilla/5.0 (X11; Linux x86_64) AppleWebKit/537.36 (KHTML, like Gecko) Chrome/120.0.0.0 Safari/537.36"
66.249.74.166 - - [25/Apr/2026:16:18:31 +0600] "GET /?u=2789776946200 HTTP/1.1" 200 26071 "-" "Mozilla/5.0 (Linux; Android 6.0.1; Nexus 5X Build/MMB29P) AppleWebKit/537.36 (KHTML, like Gecko) Chrome/146.0.7680.177 Mobile Safari/537.36 (compatible; Googlebot/2.1; +http://www.google.com/bot.html)"
66.249.74.168 - - [25/Apr/2026:16:26:26 +0600] "GET /?u=8191131939100 HTTP/1.1" 200 26492 "-" "Mozilla/5.0 (Linux; Android 6.0.1; Nexus 5X Build/MMB29P) AppleWebKit/537.36 (KHTML, like Gecko) Chrome/146.0.7680.177 Mobile Safari/537.36 (compatible; Googlebot/2.1; +http://www.google.com/bot.html)"
195.178.110.104 - - [25/Apr/2026:16:27:39 +0600] "GET /wp-config.php.save HTTP/1.1" 200 0 "-" "Mozilla/5.0 (compatible; SecurityScanner/1.0)"
195.178.110.104 - - [25/Apr/2026:16:27:39 +0600] "GET /wp-config.php.txt HTTP/1.1" 200 0 "-" "Mozilla/5.0 (compatible; SecurityScanner/1.0)"
66.249.74.2 - - [25/Apr/2026:16:30:43 +0600] "GET /?u=17138195173500 HTTP/1.1" 200 25439 "-" "Mozilla/5.0 (Linux; Android 6.0.1; Nexus 5X Build/MMB29P) AppleWebKit/537.36 (KHTML, like Gecko) Chrome/146.0.7680.177 Mobile Safari/537.36 (compatible; GoogleOther)"
66.249.74.167 - - [25/Apr/2026:16:14:03 +0600] "GET /?u=61918103043200 HTTP/1.1" 200 25761 "-" "Mozilla/5.0 (Linux; Android 6.0.1; Nexus 5X Build/MMB29P) AppleWebKit/537.36 (KHTML, like Gecko) Chrome/146.0.7680.177 Mobile Safari/537.36 (compatible; Googlebot/2.1; +http://www.google.com/bot.html)"
66.249.74.166 - - [25/Apr/2026:16:16:33 +0600] "GET /?u=4318424937103 HTTP/1.1" 200 26431 "-" "Mozilla/5.0 (Linux; Android 6.0.1; Nexus 5X Build/MMB29P) AppleWebKit/537.36 (KHTML, like Gecko) Chrome/146.0.7680.177 Mobile Safari/537.36 (compatible; Googlebot/2.1; +http://www.google.com/bot.html)"
66.249.74.168 - - [25/Apr/2026:16:21:06 +0600] "GET /?u=48739147673603 HTTP/1.1" 200 24968 "-" "Mozilla/5.0 (Linux; Android 6.0.1; Nexus 5X Build/MMB29P) AppleWebKit/537.36 (KHTML, like Gecko) Chrome/146.0.7680.177 Mobile Safari/537.36 (compatible; GoogleOther)"
195.178.110.104 - - [25/Apr/2026:16:25:34 +0600] "HEAD /weird-backup.zip HTTP/1.1" 200 0 "-" "Mozilla/5.0 (compatible; SecurityScanner/1.0)"
195.178.110.104 - - [25/Apr/2026:16:25:34 +0600] "GET /test.php HTTP/1.1" 200 0 "-" "Mozilla/5.0 (compatible; SecurityScanner/1.0)"
66.249.74.167 - - [25/Apr/2026:16:27:25 +0600] "GET /?u=11523136277203 HTTP/1.1" 200 26361 "-" "Mozilla/5.0 (Linux; Android 6.0.1; Nexus 5X Build/MMB29P) AppleWebKit/537.36 (KHTML, like Gecko) Chrome/146.0.7680.177 Mobile Safari/537.36 (compatible; Googlebot/2.1; +http://www.google.com/bot.html)"
195.178.110.104 - - [25/Apr/2026:16:27:39 +0600] "GET /.env::$DATA HTTP/1.1" 200 0 "-" "Mozilla/5.0 (Windows NT 10.0; Win64; x64) AppleWebKit/537.36 (KHTML, like Gecko) Chrome/120.0.0.0 Safari/537.36"
66.249.74.1 - - [25/Apr/2026:16:46:02 +0600] "GET /?u=14887241502600 HTTP/1.1" 200 25575 "-" "Mozilla/5.0 (Linux; Android 6.0.1; Nexus 5X Build/MMB29P) AppleWebKit/537.36 (KHTML, like Gecko) Chrome/146.0.7680.177 Mobile Safari/537.36 (compatible; GoogleOther)"
66.249.74.167 - - [25/Apr/2026:16:41:16 +0600] "GET /?u=73990159774701 HTTP/1.1" 200 25940 "-" "Mozilla/5.0 (Linux; Android 6.0.1; Nexus 5X Build/MMB29P) AppleWebKit/537.36 (KHTML, like Gecko) Chrome/146.0.7680.177 Mobile Safari/537.36 (compatible; GoogleOther)"
66.249.74.1 - - [25/Apr/2026:16:46:34 +0600] "GET /items/bias/076000733.htm HTTP/1.1" 200 25293 "-" "Mozilla/5.0 (Linux; Android 6.0.1; Nexus 5X Build/MMB29P) AppleWebKit/537.36 (KHTML, like Gecko) Chrome/146.0.7680.177 Mobile Safari/537.36 (compatible; Googlebot/2.1; +http://www.google.com/bot.html)"
66.249.74.166 - - [25/Apr/2026:16:33:49 +0600] "GET /?u=82944178362400 HTTP/1.1" 200 25774 "-" "Mozilla/5.0 (Linux; Android 6.0.1; Nexus 5X Build/MMB29P) AppleWebKit/537.36 (KHTML, like Gecko) Chrome/146.0.7680.177 Mobile Safari/537.36 (compatible; GoogleOther)"
66.249.74.167 - - [25/Apr/2026:16:35:24 +0600] "GET /?u=3834138022001 HTTP/1.1" 200 24444 "-" "Mozilla/5.0 (Linux; Android 6.0.1; Nexus 5X Build/MMB29P) AppleWebKit/537.36 (KHTML, like Gecko) Chrome/146.0.7680.177 Mobile Safari/537.36 (compatible; GoogleOther)"
